 78. What is r(-105)?
-27
Let c(b) = -b**3 - 3*b**2 + 3335*b + 23151. Determine c(-7).
2
Let x(y) = -y**2 - 61*y - 158. Determine x(-48).
466
Let l(o) = -o**3 + 8*o**2 - 50*o - 127. What is l(-2)?
13
Let i(m) = -51*m - 1275. Give i(-41).
816
Let i(k) = -2*k**3 + 10*k**2 + 16*k - 95. Calculate i(7).
-179
Let q(u) = 13*u**3 - 126*u**2 - 32*u - 63. What is q(10)?
17
Let f(w) = 62*w - 1200. Calculate f(16).
-208
Let r(l) = l**2 - 25748*l + 102981. Give r(4).
5
Let c(a) = 193*a + 3669. Determine c(-19).
2
Let r(w) = -29*w + 19. Give r(6).
-155
Let o(t) = -106*t - 64. Calculate o(3).
-382
Let w(c) = -c**2 + 50*c - 222. What is w(5)?
3
Let i(o) = 21*o**2 + 30*o - 105. Determine i(-3).
-6
Let a(c) = 2*c**2 - 23*c + 6. What is a(4)?
-54
Let m(n) = n**3 - 21*n**2 + 43*n - 119. Determine m(19).
-24
Let b(g) = -13*g - 487. Determine b(-37).
-6
Let j(q) = 3*q**2 - 2411*q + 12022. What is j(5)?
42
Let k(i) = -2*i + 4. What is k(-21)?
46
Let q(h) = -3*h**2 - 63*h + 289. What is q(4)?
-11
Let k(i) = -6*i**3 - 16*i**2 - 73*i - 130. What is k(-2)?
0
Let u(x) = -x**2 - 21*x - 4. What is u(-9)?
104
Let g(x) = 2*x**2 - 54*x - 18. Calculate g(22).
-238
Let a(d) = -2*d**3 - 222*d**2 + 450*d - 236. What is a(-113)?
-10
Let u(v) = 78*v + 463. Determine u(-4).
151
Let n(h) = 7*h**2 - 180*h + 905. What is n(19)?
12
Let z(x) = 61*x**2 + 1281*x + 6. Calculate z(-21).
6
Let n(m) = 118*m - 1058. Calculate n(9).
4
Let o(l) = 10*l - 283. Determine o(22).
-63
Let k(m) = -9*m**2 - 294*m - 2131. What is k(-11)?
14
Let g(j) = 22566*j + 406188. Determine g(-18).
0
Let x(r) = 17*r + 65. Calculate x(-6).
-37
Let y(j) = 12*j + 4. What is y(4)?
52
Let s(r) = -83*r + 100. Calculate s(-3).
349
Let s(u) = -8*u - 180. Determine s(-15).
-60
Let v(f) = f**3 + 44*f**2 + 201*f + 105. What is v(-39)?
-129
Let p(k) = k**3 - 52*k**2 - 291*k + 201. Calculate p(57).
-141
Let p(d) = -8*d**2 - 20*d + 47. What is p(2)?
-25
Let z(g) = g**3 + 69*g**2 + 73*g + 512. What is z(-68)?
172
Let b(x) = -43*x**2 + 4*x + 5. Give b(-4).
-699
Let q(s) = 5*s**2 - 254. Calculate q(7).
-9
Let t(r) = -23*r**3 - 12*r**2 + 11*r - 1. What is t(1)?
-25
Let o(v) = -v**3 - 7*v**2 + 5*v + 71. Calculate o(-6).
5
Let y(w) = w**2 - 24*w - 115. Calculate y(-6).
65
Let y(t) = 2*t**3 + 3*t**2 - 8*t + 1. Give y(2).
13
Let u(d) = d**3 + 76*d**2 - 4*d - 283. Give u(-76).
21
Let g(t) = t**2 - 29*t - 235. Determine g(-8).
61
Let t(r) = -r**3 - 42*r**2 - 116*r - 23. Calculate t(-39).
-62
Let m(b) = 3*b**3 + 136*b**2 + 12*b - 1483. What is m(-45)?
2
Let c(d) = 11*d**3 - 26*d - 95. Calculate c(-4).
-695
Let v(a) = 57*a**2 - 631*a + 25. Give v(11).
-19
Let k(q) = -43*q - 49. Calculate k(-7).
252
Let z(m) = 39*m + 1551. What is z(-37)?
108
Let v(a) = -32*a + 23. Determine v(-2).
87
Let o(h) = -h**2 + 7*h + 56. Give o(9).
38
Let o(s) = -10*s**3 + s**2 + 8*s + 14. Give o(-5).
1249
Let q(s) = s**3 - 63*s**2 + 60*s + 74. Give q(62).
-50
Let i(o) = o**2 - 3792*o + 90440. Calculate i(24).
8
Let w(b) = -5*b + 394. Determine w(-20).
494
Let h(z) = 3*z + 231. Calculate h(-39).
114
Let g(y) = -y**2 + 148*y + 2364. What is g(-14)?
96
Let a(w) = 29*w - 355. Determine a(14).
51
Let t(p) = 3*p**2 + 6041*p + 24143. What is t(-4)?
27
Let s(x) = 14*x**2 + 886*x + 249. Determine s(-63).
-3
Let n(m) = -435*m - 60482. What is n(-139)?
-17
Let h(y) = -22*y + 561. Give h(22).
77
Let l(g) = -7*g**3 - 12*g**2 - 16*g - 36. Give l(-3).
93
Let u(l) = 5*l**2 + 76*l + 293. Calculate u(-10).
33
Let f(t) = -t**3 + 10*t**2 - 73*t + 903. Determine f(11).
-21
Let t(y) = -2*y + 58. Calculate t(12).
34
Let l(k) = -2*k**3 + 37*k**2 + 45*k - 107. Calculate l(20).
-407
Let h(w) = -224*w + 19. Calculate h(1).
-205
Let k(t) = -25*t - 64. Give k(-1).
-39
Let q(n) = 2*n**2 + 83*n + 98. Give q(-37).
-235
Let j(p) = -39*p + 728. Give j(19).
-13
Let v(n) = -n**2 - 4*n - 34. Determine v(-10).
-94
Let k(f) = 4*f**2 - 113*f - 2150. Give k(-13).
-5
Let f(d) = 2481*d + 76885. Calculate f(-31).
-26
Let n(h) = -64*h**2 - 62*h - 62. Calculate n(-1).
-64
Let j(m) = 17*m + 1335. Calculate j(-74).
77
Let i(w) = -w**3 + 14*w**2 - 10*w - 42. Calculate i(13).
-3
Let u(b) = -20*b - 211. Determine u(0).
-211
Let g(o) = 7*o**2 + 1451*o + 7086. Calculate g(-5).
6
Let j(a) = 2*a**3 + 38*a**2 + 3*a + 34. Calculate j(-19).
-23
Let o(c) = 8*c**2 + 320*c + 14. Calculate o(-39).
-298
Let j(d) = 2*d**2 - 454*d + 29. What is j(0)?
29
Let v(c) = 3*c**3 - 72*c**2 - 259*c + 429. What is v(27)?
-3
Let m(u) = -u**2 + 40*u + 770. Give m(49).
329
Let b(x) = x**2 - 43*x + 72. Give b(41).
-10
Let u(d) = 2*d**2 - 78*d + 336. Give u(34).
-4
Let b(y) = -y**3 - y**2 - 25*y + 41. What is b(0)?
41
Let c(p) = -p**2 - 1128*p - 83837. Give c(-80).
3
Let m(p) = -p**3 + 137*p**2 - 1502*p + 243. Determine m(125).
-7
Let y(j) = 4*j**2 + 756*j + 2241. Give y(-3).
9
Let u(n) = 9*n**2 - 546*n - 99. Calculate u(63).
1224
Let j(c) = -34*c + 551. Give j(17).
-27
Let y(u) = 14*u**2 + 118*u + 479. Calculate y(-4).
231
Let n(u) = -80*u**2 - 52*u + 49. Give n(1).
-83
Let s(q) = 6*q**2 - 154*q - 71. What is s(26)?
-19
Let t(g) = -g**3 - 5*g**2 + 10*g. What is t(-5)?
-50
Let o(n) = -n**2 + 33*n - 34. Give o(34).
-68
Let q(g) = 135*g - 429. Give q(4).
111
Let x(r) = -r**2 + 16*r + 19. What is x(13)?
58
Let z(s) = -4*s**2 + 95*s + 96. Determine z(-1).
-3
Let r(l) = l**2 + 39*l - 290. Calculate r(-43).
-118
Let c(l) = 9*l**2 - 81*l - 9. Determine c(6).
-171
Let r(s) = -154*s + 2161. Give r(14).
5
Let h(c) = 107*c - 483. Determine h(6).
159
Let k(q) = -6*q**2 - 85*q - 13. Give k(-7).
288
Let f(l) = l**3 + 30*l**2 - 5*l + 67. What is f(-30)?
217
Let o(m) = -14*m**2 + 788*m - 8776. Calculate o(41).
-2
Let l(j) = 4*j**2 + 13*j + 57. Determine l(-4).
69
Let x(f) = f**2 + 24*f + 43. Determine x(-2).
-1
Let w(x) = -44*x - 600. Calculate w(-13).
-28
Let z(f) = -f**3 - 43*f**2 + 187*f - 39. Determine z(-47).
8
Let v(d) = -2*d**3 + 34*d**2 + 28*d + 96. Calculate v(18).
-48
Let w(m) = m**2 - 5*m - 5. Give w(4).
-9
Let f(u) = 581*u + 3495. Determine f(-6).
9
Let b(w) = -w**2 + 25*w - 41. Give b(8).
95
Let s(f) = -447*f - 7150. Give s(-16).
2
Let c(t) = -t**3 + 5*t**2 - 39*t + 171. Calculate c(4).
31
Let g(n) = 115*n**2 - 579*n - 5. What is g(5)?
-25
Let h(g) = g**3 + 2*g**2 + 2. Give h(-4).
-30
Let t(g) = -4625*g - 120249. What is t(-26)?
1
Let a(s) = 16*s - 70. What is a(25)?
330
Let m(i) = i**3 + 28*i**2 - 134*i - 180. Determine m(-32).
12
Let a(d) = 2*d**3 - d**2 - 22*d - 22. What is a(-3)?
-19
Let k(a) = a**3 + 110*a**2 + 103*a - 633. Give k(-109).
21
Let s(n) = -14*n**2 - 24*n + 207. What is s(3)?
9
Let g(k) = 26*k + 443. Calculate g(-16).
27
Let i(h) = 5*h**2 + 513*h - 4518. Determine i(9).
504
Let b(o) = 77*o - 247. Calculate b(5).
138
Let c(a) = -100*a**2 - 6*a - 5. What is c(-1)?
-99
Let c(z) = 2*z**2 - 35*z - 77. What is c(19)?
-20
Let m(r) = 308*r + 18488. Calculate m(-60).
8
Let z(b) = -16*b**2 - 224*b + 15. What is z(-14)?
15
Let k(o) = o**2 + 184*o + 2542. Give k(-15).
7
Let p(d) = -32*d - 72. What is p(-2)?
-8
Let u(l) = -14*l**3 - l**2 + 4*l + 4. What is u(-2)?
104
Let a(f) = -44*f + 453. Give a(9).
57
Let v(g) = g**2 + 39*g - 32. Calculate v(-40).
8
Let k(n) = n**3 + 25*n**2 - 10*n - 131. What is k(-25)?
119
Let o(v) = 289*v + 25436. What is o(-88)?
4
Let y(f) = 126*f - 352. Give y(3).
26
Let l(z) = 50*z - 107. What is l(-3)?
-257
Let j(y) = 2*y**2 - 351*y - 706. Determine j(-2).
4
Let f(x) = -3*x**2 + 93*x - 435. What is f(27)?
-111
Let l(h) = 244*h - 2503. Calculate l(12).
425
Let t(c) = -c**2 - 30*c + 21. Calculate t(-32).
-43
Let t(f) = -194*f + 4291. Determine t(22).
23
Let g(s) = s**2 - 13*s - 71. Determine g(-10).
159
Let l(g) = g**3 + 94*g**2 - 89*g + 559. Calculate l(-95).
-11
Let x(m) = 2*m**3 + 69*m**2 + 23*m - 69. Determine x(-34).
305
Let z(s) = 16*s**3 + 62*s**2 + 9*s + 34. Calculate z(-4).
-34
Let i(b) = -150*b - 1300. Give i(-9).
50
Let p(v) = 20*v + 665. Calculate p(-42).
-175
Let o(t) = -t**2 + 27*t + 308. Calculate o(26).
334
Let c(x) = -8*x**3 - 8*x**2 - 19*x - 33. What is c(-2)?
37
Let z(p) = 2*p**2 + 34*p - 635. Give z(-26).
-167
Let g(q) = -3*q**3 - 39*q**2 - 125*q + 5. What is g(-7)?
-2
Let j(p) = -112*p + 4710. Calculate j(42).
6
Let y(d) = -2796*d - 50333. Calculate y(-18).
-5
Let m(v) = -2*v**2 - 21*v - 108. Wh